h = b + 23. Suppose 0*i - 4*i = 0, h*m = -3*i + 12. List the prime factors of m.
3
Suppose 2*f = -7 - 1, 5*f = -p - 57. Suppose 7*r - 4*c - 298 = 2*r, 0 = -2*r - 4*c + 136. Let t = r + p. What are the prime factors of t?
5
Let q(h) = -h**3 + 10*h**2 + 12*h + 1. Let c be q(11). Suppose -o - c = o. Let m = o - -25. List the prime factors of m.
19
Let b(n) = 36*n + 20. Let x be b(5). Suppose -5*m = q - x, 2*m - 2*q = 7*m - 200. List the prime factors of m.
2, 5
Let u be ((-12)/15)/(2/5). List the prime factors of 87 - (u/(-9) + (-160)/72).
89
Suppose 29*s - 6*s - 7360 = 0. List the prime factors of s.
2, 5
Suppose 5*q - 38*f - 16843 = -37*f, 5*f = 5*q - 16855. What are the prime factors of q?
2, 421
Suppose 25*t = 26*t - 2. Suppose 3*f = t*f + 5*q - 5, 2*f = 3*q - 3. Suppose 2*v + f*v - 110 = 0. What are the prime factors of v?
5, 11
Let i(z) = z + 7. Let o be i(-8). What are the prime factors of ((-2)/4)/(o/110)?
5, 11
What are the prime factors of 6 + (-1744)/(-4) + 0?
2, 13, 17
Let q(w) be the third derivative of w**4/24 - 4*w**3/3 + 5*w**2. Let f be q(12). What are the prime factors of (4/6)/(f/174)?
29
Let q(i) = -89*i + 27. Let x be q(-5). Suppose -4*h + 304 + x = 0. What are the prime factors of h?
2, 97
Let h = -429 + 599. What are the prime factors of h?
2, 5, 17
Let v be (-2664)/15 + 3/(-30)*4. Let c = v - -348. List the prime factors of c.
2, 5, 17
Suppose 5*t = -19*t + 88800. List the prime factors of t.
2, 5, 37
Let i(u) = 1. Let o(m) = -3*m - 29. Let x(g) = g + 14. Let r(p) = -3*o(p) - 7*x(p). Let a(b) = -18*i(b) - 2*r(b). List the prime factors of a(-5).
2, 3
Suppose 0 = -5*h - 3*o + 7072, 2827 = 2*h - 12*o + 15*o. List the prime factors of h.
5, 283
Let p be ((-6111)/12)/7*(-16)/3. Let f = p - 237. What are the prime factors of f?
151
Suppose 2*o + 4 = j, 5*j + 4*o = 10 + 10. Let m = 69 - -50. Suppose -p + 38 = n, -3*n + m = j*p - 0*p. List the prime factors of n.
3, 11
Let r(h) = -2*h - 1. Let x be 3 + (-1 - -3 - 7). Let i be r(x). Suppose -7*j + i*j + 136 = 0. What are the prime factors of j?
2, 17
Let l(x) = 14*x**2 - 7*x + 19. Let q be l(7). Suppose 7*z - q = -z. List the prime factors of z.
2, 41
Suppose 20 = -17*z + 22*z. Suppose -3*w + w + 342 = z*o, -3*w + 511 = 5*o. What are the prime factors of w?
167
Suppose 10*s = 8*s - 2. Let o be s - (24/2)/(-2). Suppose -22 = -o*k + 108. What are the prime factors of k?
2, 13
Let y = -88 - -93. Suppose 7*o = -y*o + 1608. List the prime factors of o.
2, 67
Let m(g) = -g**2 + 10 + 73*g - 5 - 68*g - 23*g**3. What are the prime factors of m(-2)?
5, 7
Let x(u) = 3*u**2 - u - 2. Let v be x(-1). Suppose v*s - 4*g - 194 = 0, 0*g - 2*g + 378 = 4*s. List the prime factors of s.
5, 19
List the prime factors of (-6863)/(-7) - 3 - 75/175.
977
Suppose -5*i = -h - 20 + 334, 0 = -2*i + h - 128. Let c = 15 - i. Suppose -3 - c = -5*q. List the prime factors of q.
2
Suppose c - 6 = 1. Suppose 0 = c*d - 5*d. Suppose 2*f + f + 5*o - 8 = d, 2*o = 3*f - 22. What are the prime factors of f?
2, 3
Let x be 1 + -2 + 102/(-3). Let t = -84 + 159. Let a = t + x. List the prime factors of a.
2, 5
Let n = -15 + 23. Let j = -8 + n. Suppose x + x - 28 = j. What are the prime factors of x?
2, 7
Let t(c) be the second derivative of c**5/20 - 4*c**3/3 + c**2/2 + 21*c. List the prime factors of t(5).
2, 43
Suppose 39*q = 44*q - 11040. List the prime factors of q.
2, 3, 23
Let b(a) = 4*a - 13. Let c be b(4). Suppose 222 = c*m + 45. List the prime factors of m.
59
Suppose 905 = d + 5*z, 0*z = -4*d + 3*z + 3551. List the prime factors of d.
2, 5, 89
Suppose 702 = 4*d - 5*q - 9967, 5*d + 4*q = 13367. List the prime factors of d.
2671
Let d be (-2 - 0) + (4 - -1). Let o = -113 - -70. List the prime factors of (5 - o)/(d/2).
2
Suppose -2*g = -6*g + 12. Suppose 1 = -a - 3*q, 13 = g*a + a - 5*q. List the prime factors of a.
2
Let f be 1 + (-2 + 5)*43. Suppose 7*g - f = 801. List the prime factors of g.
7, 19
Let y be (-1)/(0 - 2/122). Suppose -4*u = -3*i + 98, 4*u + 4*i + y = u. List the prime factors of 1 + (-1 - u) + 2.
5
Let f be 0 - 2/(-5) - 104/10. List the prime factors of (f + 8)/((-2)/152).
2, 19
Suppose -8*n + 6*n + 30 = 0. List the prime factors of (7 + -5)*(2 + n).
2, 17
Let p(u) = 6*u**2 - 28*u - 129. List the prime factors of p(15).
3, 89
Let t(q) = q + 2. Suppose -37 = -6*r + r - 3*w, r = -2*w + 13. What are the prime factors of t(r)?
7
Suppose 72*y - 59*y - 22438 = 0. What are the prime factors of y?
2, 863
Let p = 19 - 34. What are the prime factors of 46/((-80)/p - 5)?
2, 3, 23
Let o(l) = 11*l**2 - 10*l + 14. List the prime factors of o(-6).
2, 5, 47
Suppose 4 = 2*s, 8*h - 8818 = 5*h - 2*s. What are the prime factors of h?
2, 13, 113
Let m(v) = 10*v**2 - 29*v + 719. What are the prime factors of m(19)?
2, 1889
Suppose 4*s - 16 = -2*u, 5*s - 5*u - 20 = -3*u. Suppose -s*d = d - 30. Suppose -2*t - d = 0, 149 = 5*q - 4*t + 22. What are the prime factors of q?
23
Let k(o) = -1913*o. What are the prime factors of k(-1)?
1913
Suppose -4 - 4 = y. Let z be (0 - -2)/(y/(-948)). Suppose 3*s + 2*v = -0*v + 143, 5*s + 3*v = z. List the prime factors of s.
3, 5
Let h(d) = -205*d - 1. Let t be h(-3). Suppose -5*s + 127 = f, 0*f = 5*f + 4*s - t. Let o = f + -82. What are the prime factors of o?
2, 5
Let w(o) = -3*o + 25. Let k be w(-10). Suppose s + k = 2*s. List the prime factors of s.
5, 11
Let y(f) = 3*f - 53. Let u(b) = b - 18. Let w(t) = 8*u(t) - 3*y(t). Suppose 14 = -v + p, 0 = -4*v - 2*p + 3*p - 47. What are the prime factors of w(v)?
2, 13
Let m be (0 + -6)/(2 + -9 - -5). Suppose 41 + 211 = m*n. What are the prime factors of n?
2, 3, 7
Suppose -5*y - 966 = -4*l, y = 6 - 4. List the prime factors of l.
2, 61
List the prime factors of (-18)/(-5)*355/2.
3, 71
Let w be ((-2)/(-1) + -1)*36. Suppose -4*u + w = 120. List the prime factors of 15/4 - u/(-28).
3
Let t = 2 + -1. Let x(d) = d**2 - 1. Let k be x(t). Suppose k*a = -3*a + 105. What are the prime factors of a?
5, 7
Suppose -5*y + 4*c = -6228, 2*y = 6*y - 3*c - 4983. Suppose -5*r = 3*r - y. List the prime factors of r.
2, 3, 13
Let a(n) be the first derivative of -3*n**4 - 5*n**3/3 - 3*n**2 - 2*n + 22. What are the prime factors of a(-2)?
2, 43
Let o(j) = -133*j + 11. What are the prime factors of o(-4)?
3, 181
Suppose 1305 = -132*n + 135*n. What are the prime factors of n?
3, 5, 29
Let c(b) = -17*b + 32. Let d be c(-14). Suppose 0 = -3*v + 8*v - d. What are the prime factors of v?
2, 3
Suppose 0 = -4*m + 42 - 10. Suppose 0 = -0*b + b - m. Suppose 110 = -3*n + b*n. List the prime factors of n.
2, 11
Let h(s) = -32*s**3 + s**2 + 2*s + 1. Suppose d - 6 = -24. Let n = -19 - d. What are the prime factors of h(n)?
2
Let u(z) = z**3 - 9*z**2 - 8*z - 15. Let y be u(10). Suppose 0 = -y*m + 79 + 376. What are the prime factors of m?
7, 13
Let l = -67 - -221. What are the prime factors of l?
2, 7, 11
Let c(w) = w + 1. Let f be c(-2). Let z = 24 - f. What are the prime factors of z?
5
Let f = -219 + 383. What are the prime factors of f?
2, 41
Let c = 696 - 649. What are the prime factors of c?
47
What are the prime factors of 16*2/112 - (-16460)/14?
2, 3, 7
Let d = 1790 - 1245. What are the prime factors of d?
5, 109
Let t(k) = k**3 - 4*k**2 - 2*k - 5. Suppose 3*l = -l + 24. Let s be (30/l)/(2/2). What are the prime factors of t(s)?
2, 5
Let v(m) = -9*m**2 + 86*m - 7. Let n(d) = 3*d**2 - 29*d + 2. Let r(c) = 8*n(c) + 3*v(c). List the prime factors of r(8).
11
Let y be 0 - 3/((-12)/8). Suppose 2*k - y = 2. Suppose 2*x + k*x - 104 = 0. What are the prime factors of x?
2, 13
Let t = 13 - 3. Let i = -8 + t. Suppose -i*g + 51 + 1 = 0. What are the prime factors of g?
2, 13
Let c be (2 - 0) + 4 + -6. Let v(j) = 3*j + 73. List the prime factors of v(c).
73
Let p(d) = 9*d**2 - 23*d + 17. What are the prime factors of p(-11)?
3, 151
Let j = -21 + 51. Let l be j/8 + 2/8. Suppose -14 = -h + 4*u, h - 4*h = -l*u - 50. What are the prime factors of h?
2, 3
Suppose 4855 = 22*g - 17*g. What are the prime factors of g?
971
Let m(p) = -p**3 + 14*p**2 + 6*p + 5. What are the prime factors of m(10)?
3, 5, 31
Suppose -75 = 4*m - 1127. Suppose -3*d + 45 = g, -3*g - 2*g + 4*d + m = 0. List the prime factors of g.
3, 17
Let v(z) = -z**3 + 3*z**2 + 7*z + 1. Let u be v(5). Let s be 1 + (-28)/36 + (-2